+ 17*y**2 + y + 96. What is u(-17)?
79
Let g(m) = -70*m**2 - m - 10. What is g(0)?
-10
Let y(w) = 32*w**2 + 31*w + 67. What is y(-3)?
262
Let t(y) = 2*y**2 + 29*y + 89. Calculate t(-5).
-6
Let p(f) = -48*f + 270. Give p(5).
30
Let i(z) = -23*z**2 + 3*z - 5. Calculate i(-2).
-103
Let v(c) = -40*c**2 - 319*c + 4. Calculate v(-8).
-4
Let z(p) = -210*p - 1100. Determine z(-5).
-50
Let x(z) = -6*z**2 + 19*z - 12. Determine x(2).
2
Let w(i) = 10*i - 395. Give w(38).
-15
Let i(t) = -34*t**2 + 11*t - 1. Give i(2).
-115
Let p(r) = -30*r + 660. Calculate p(24).
-60
Let y(s) = s**2 + 11*s - 1. Calculate y(-9).
-19
Let t(l) = -64*l**2 + 3*l - 4. Give t(2).
-254
Let n(g) = 43*g - 568. What is n(13)?
-9
Let b(v) = -v**3 + 2*v**2 - v - 10. Give b(-2).
8
Let z(v) = -14*v**2 + 20*v - 5. Calculate z(5).
-255
Let s(w) = 9193*w - 128695. What is s(14)?
7
Let m(s) = -2*s**2 - s - 208. Calculate m(0).
-208
Let n(w) = -w**3 + 28*w**2 - 24*w + 628. Give n(28).
-44
Let y(f) = 4*f**3 + 5*f**2 + 12*f - 51. Give y(4).
333
Let z(x) = x**3 - 90*x**2 + 1498*x - 135. Give z(68).
1
Let l(u) = -5*u**2 + 40*u + 83. Give l(-2).
-17
Let l(r) = r**3 - 22*r**2 - 34*r + 115. Give l(24).
451
Let i(l) = -79*l + 69. Give i(2).
-89
Let z(n) = -22*n - 3. Give z(3).
-69
Let a(o) = -o**3 + 7*o**2 - 11*o + 12. Determine a(3).
15
Let x(z) = z**2 + 368*z + 4621. Determine x(-13).
6
Let c(d) = -9*d - 739. Give c(0).
-739
Let o(a) = -51*a**2 + 454*a + 54. What is o(9)?
9
Let f(d) = -d**2 + 18*d - 136. What is f(9)?
-55
Let q(t) = 218*t - 718. Determine q(4).
154
Let o(n) = 30*n - 160. Give o(10).
140
Let w(k) = 36*k + 4200. Give w(-117).
-12
Let f(r) = -4*r**3 + 7*r**2 - 3*r + 23. Determine f(5).
-317
Let f(q) = -3*q**2 - 21*q - 34. Calculate f(-2).
-4
Let l(w) = -17*w + 529. Determine l(30).
19
Let z(s) = -s**2 + 35. Calculate z(-6).
-1
Let o(q) = -q**3 + 6*q**2 + 53*q + 1. What is o(-6)?
115
Let w(p) = p**3 + 16*p**2 - 525*p - 8428. Calculate w(-16).
-28
Let n(c) = -c**3 - 32*c**2 + 248*c + 7094. Determine n(-33).
-1
Let r(h) = h**3 - 20*h**2 - 5*h + 53. Calculate r(20).
-47
Let v(h) = h**3 - 17*h**2 - 169*h + 214. Calculate v(-8).
-34
Let z(l) = -572*l - 93244. What is z(-163)?
-8
Let y(s) = s**2 + 3*s - 21. Calculate y(6).
33
Let v(p) = p**2 - 30*p + 97. What is v(27)?
16
Let a(g) = 18*g - 963. What is a(53)?
-9
Let w(l) = l**3 - 16*l**2 + 73*l + 51. Determine w(11).
249
Let u(t) = 2*t**3 + 38*t**2 - 79*t + 44. What is u(-21)?
-61
Let j(u) = -31*u - 608. What is j(-17)?
-81
Let k(u) = -3*u - 206. Give k(-55).
-41
Let f(q) = 13*q - 52. Give f(-10).
-182
Let n(w) = 168*w + 2869. What is n(-17)?
13
Let m(b) = -b**3 - 18*b**2 + 36*b + 327. Give m(-19).
4
Let w(m) = m**2 + 1083*m - 8765. Give w(8).
-37
Let d(h) = 22*h - 68. Determine d(4).
20
Let w(q) = -156*q - 969. Determine w(-6).
-33
Let t(g) = g**3 + 28*g**2 + 10*g + 1129. Calculate t(-29).
-2
Let b(o) = 840*o - 831. Calculate b(1).
9
Let n(a) = -3*a**2 + 27*a + 15. Give n(-4).
-141
Let j(u) = 3*u**2 + 34*u - 50. Determine j(-13).
15
Let r(q) = q**3 + 58*q**2 + 48*q + 2711. Determine r(-58).
-73
Let a(f) = -f**3 - 25*f**2 + 30*f + 40. What is a(-26)?
-64
Let y(t) = t**3 - 63*t**2 - 39*t + 2462. Determine y(63).
5
Let p(a) = a**3 - 11*a**2 - 15*a + 27. Give p(11).
-138
Let r(y) = -39*y + 2241. Give r(59).
-60
Let o(m) = 10*m**2 - 50*m + 3. Calculate o(5).
3
Let b(j) = -j**3 - 7*j**2 + 4686*j + 426. Calculate b(-72).
-6
Let h(j) = -j**3 + 32*j**2 - 29*j - 135. What is h(31)?
-73
Let j(w) = 3*w**2 - 97*w + 21. What is j(31)?
-103
Let u(n) = n**3 + 5*n**2 - 752*n + 13. Give u(25).
-37
Let i(g) = g**3 + g**2 - 4*g + 16. Give i(-4).
-16
Let q(b) = 2*b**2 - 168*b - 1860. Give q(-10).
20
Let q(l) = -l**2 + 98*l + 14708. What is q(-82)?
-52
Let t(l) = -8*l**2 + 209*l + 342. Give t(28).
-78
Let l(y) = -310*y - 2437. What is l(-8)?
43
Let y(x) = -x**3 + 141*x**2 + 12587*x - 202. Determine y(203).
1
Let h(b) = 19*b**2 - 415*b - 59. Determine h(22).
7
Let b(i) = -i**3 + 116*i**2 + 12764*i - 73. Calculate b(-69).
-4
Let z(s) = 5352*s - 5357. What is z(1)?
-5
Let a(y) = -y**3 - 157*y**2 + 1147*y + 13. Calculate a(7).
6
Let y(o) = 56*o - 2021. What is y(36)?
-5
Let d(q) = 19*q - 1302. Calculate d(66).
-48
Let m(x) = 14*x + 8. Give m(6).
92
Let m(t) = 25*t - 835. Determine m(33).
-10
Let l(b) = -14*b**3 + 936*b**2 + 125*b + 605. What is l(67)?
2
Let k(p) = p**3 - 47*p**2 - 205*p + 80. What is k(51)?
29
Let u(k) = k**3 - 31*k**2 - 154*k + 3888. What is u(32)?
-16
Let s(x) = 83*x**2 - 10*x + 9. Give s(0).
9
Let x(c) = 19*c + 203. What is x(-25)?
-272
Let r(p) = -15*p**3 - 2*p**2 - 10*p - 4. Determine r(-3).
413
Let x(p) = -157*p + 5636. Give x(36).
-16
Let h(v) = -3253*v - 16270. Determine h(-5).
-5
Let n(i) = i**2 - 106*i - 436. What is n(-4)?
4
Let d(y) = 8*y**2 + 143*y + 286. Give d(-2).
32
Let q(i) = -2*i**2 + 155*i + 154. Calculate q(78).
76
Let o(t) = 5*t**3 - 24*t**2 - 10*t + 92. Calculate o(7).
561
Let l(s) = -22*s + 73. Determine l(7).
-81
Let k(b) = -11*b + 155. What is k(25)?
-120
Let s(r) = -184*r + 30. Determine s(3).
-522
Let z(u) = -u**2 - 51*u - 380. Calculate z(-43).
-36
Let b(a) = -2*a**2 - 42*a - 221. Determine b(-9).
-5
Let y(s) = -s**3 + 16*s**2 + 75*s - 1125. Give y(17).
-139
Let s(x) = 172*x - 5. Give s(0).
-5
Let v(i) = 67*i + 240. Give v(-6).
-162
Let w(d) = 20*d - 558. What is w(19)?
-178
Let l(d) = -4*d**2 - 32*d + 91. Determine l(-10).
11
Let g(l) = -98*l + 15391. Calculate g(157).
5
Let g(h) = -h**3 + 4*h**2 + 124*h + 429. Give g(-4).
61
Let v(h) = -h**3 + 10*h**2 - 8*h + 49. What is v(10)?
-31
Let o(j) = 511*j - 3080. What is o(6)?
-14
Let p(y) = 1482*y - 8836. Give p(6).
56
Let v(a) = a**3 + 69*a**2 + 138*a + 229. Calculate v(-67).
-39
Let v(o) = 89*o**2 + 171*o - 24. Give v(-2).
-10
Let a(y) = -26*y - 224. Give a(-9).
10
Let m(h) = h**3 - 71*h**2 - 70*h - 144. Give m(72).
0
Let z(o) = -o**3 - 51*o**2 + 350*o + 448. Give z(-57).
-8
Let w(j) = 112*j - 2794. Calculate w(25).
6
Let z(b) = b**3 - 10*b**2 - 827*b - 266. Give z(-24).
-2
Let g(s) = -42*s + 263. What is g(8)?
-73
Let p(r) = -29*r + 132. Determine p(4).
16
Let g(j) = -2*j**2 - 253*j + 6193. Give g(21).
-2
Let u(c) = -43*c**3 + 2*c**2 + c + 1. What is u(-1)?
45
Let f(r) = -590*r + 1708. Determine f(3).
-62
Let a(n) = n**3 - 10*n**2 + 5*n - 27. Calculate a(8).
-115
Let y(z) = -3*z**3 + 7*z**2 + 33*z + 26. What is y(-4)?
198
Let v(r) = -r**3 + 47*r**2 - 34*r - 13. What is v(46)?
539
Let t(b) = 27*b + 673. What is t(-24)?
25
Let t(a) = 7*a - 364. Calculate t(50).
-14
Let b(p) = -p**2 + 27*p - 104. Give b(22).
6
Let f(i) = 185*i + 740. What is f(-4)?
0
Let c(g) = -g**3 + 165*g**2 - 2774*g - 5. Give c(146).
-5
Let n(b) = 4453*b - 13356. Determine n(3).
3
Let t(x) = -6210*x - 31058. Calculate t(-5).
-8
Let s(q) = -691*q - 7600. Determine s(-11).
1
Let k(g) = g**2 + 69*g + 985. Calculate k(-21).
-23
Let q(i) = -i**3 - i**2 - 12*i + 138. Determine q(0).
138
Let u(g) = -17*g + 247. Determine u(15).
-8
Let b(t) = t**3 - 21*t**2 - 236*t - 46. Determine b(-8).
-14
Let z(j) = j**3 - 10*j**2 - 38*j + 53. Give z(14).
305
Let w(m) = 8*m**2 + 4*m - 33. What is w(7)?
387
Let p(o) = -2*o**2 + 519*o - 2563. What is p(5)?
-18
Let c(z) = z**2 - 24*z - 97. What is c(27)?
-16
Let r(w) = -2*w**3 + 162*w**2 - 33. Determine r(81).
-33
Let p(q) = 57*q + 69. Give p(-5).
-216
Let c(z) = -z**2 + 13*z - 8. Calculate c(-10).
-238
Let o(m) = 26*m + 1155. Calculate o(-38).
167
Let k(d) = -d**3 + 35*d**2 + 38*d - 43. Give k(36).
29
Let r(k) = -k**2 - 86*k - 1757. Give r(-45).
88
Let o(i) = -i**3 - 7*i**2 + 26*i + 16. Calculate o(-8).
-128
Let v(h) = 32*h - 6611. Calculate v(209).
77
Let v(r) = 109*r**2 - 5*r - 5. Determine v(-1).
109
Let q(h) = 4*h**2 + 36*h - 637. Determine q(9).
11
Let q(p) = -88*p + 181. Give q(6).
-347
Let p(k) = k**3 - 13*k**2 + 20*k - 48. Determine p(11).
-70
Let h(a) = -133*a + 267. Determine h(-6).
1065
Let c(r) = 104*r - 2134. Give c(20).
-54
Let l(z) = -14*z + 399. Give l(0).
399
Let o(j) = 55*j + 1557. Calculate o(-31).
-148
Let f(k) = -373*k + 7460. Determine f(20).
0
Let a(h) = h**3 + 28*h**2 + 115*h - 45. Determine a(-6).
57
Let y(d) = d**2 - 32*d - 149. Calculate y(36).
-5
Let z(a) = 1105*a + 38668. What is z(-35)?
-7
Let c(q) = 5*q**2 + 219*q - 24. Give c(-44).
20
Let h